cond derivative of -u**5/20 + u**4/12 + u**3/6 + 5*u**2/2 - 4*u. Calculate the remainder when 8 is divided by z(0).
3
Let l(p) = p**2 + 2*p. Let y be l(-2). Suppose -20 = -4*f - y. Suppose 0 = 4*z + f*t, 5*z = 2*t - 20 + 53. Calculate the remainder when z is divided by 2.
1
Let v = 18 - -10. What is the remainder when v is divided by 16?
12
Suppose -12 = 6*o - 114. Calculate the remainder when 26 is divided by o.
9
Calculate the remainder when 37 is divided by 2/5*3/(3/25).
7
Suppose 2*f - 5*w = -0*w - 106, w + 2 = 0. Let t = -27 - f. What is the remainder when t is divided by 11?
9
Let z = -192 + 97. Let l = z + 179. Suppose 2*r - l - 22 = 0. What is the remainder when r is divided by 18?
17
Suppose 4*j = -2*f + 490, -5*j + 2*f = -452 - 147. Calculate the remainder when j is divided by 31.
28
Suppose -2*h + 5*b = -19, 2*h - 22 = -2*b + 4*b. Let z(m) = m**3 + 6*m**2 - 7*m - 7. What is the remainder when z(-6) is divided by h?
11
Suppose -4*j = -16, 0*z + 5*j = z + 23. Let d be z*(-2)/(2 - 0). Suppose i + d = 0, 8 + 6 = k + i. Calculate the remainder when 49 is divided by k.
15
Suppose -r = -14 - 38. Suppose 3*g - 8 = r. What is the remainder when g is divided by 8?
4
Let t(o) = -7 + 7*o**2 + 18 + 3*o + o**3 - 17. What is the remainder when t(-5) is divided by 10?
9
Suppose 0 = 3*q + 4 + 2, 3*d + 4*q - 1 = 0. Suppose -3*h + 30 = -0*h. What is the remainder when h is divided by d?
1
Suppose -3*x - 22 = -3*c + 17, -5*x = -3*c + 29. What is the remainder when 33 is divided by c?
15
Suppose 2*p + 8 = 32. What is the remainder when -1 + (-2 + 0 - -37) is divided by p?
10
Suppose 12*x = 8*x + 172. What is the remainder when x is divided by 22?
21
Suppose -7*b + 2*b + 30 = 0. Calculate the remainder when b is divided by 2.
0
Suppose 2*d = -2*d - 20, -4*d + 388 = -2*x. Let p = x + 330. Suppose 0 = -3*t - z + p, 5*z - 3*z = 6. What is the remainder when t is divided by 14?
13
Suppose -11*k + 144 = -3*k. What is the remainder when 29 is divided by k?
11
Suppose 3*q - 36 = 3*z, -9*q = -5*q + 2*z - 72. Calculate the remainder when q is divided by 8.
0
Let i = -17 - -9. Let s be i/(-4) - 2*-19. Suppose -a + s = 3*a. Calculate the remainder when a is divided by 6.
4
Calculate the remainder when 80 is divided by (21/2)/((-28)/(-56)).
17
Suppose -4*y = 6 - 70. What is the remainder when 61 is divided by y?
13
Let z(l) = 4*l - 12. Suppose 0 = 2*s - 5*s + 27. What is the remainder when 47 is divided by z(s)?
23
Let p be (8/24)/(2/60). Suppose -p = -s - 3. Calculate the remainder when s is divided by 4.
3
Suppose b = -s + 5*s - 64, 5*s + 3*b - 80 = 0. What is the remainder when 30 is divided by s?
14
What is the remainder when (-98)/343 + ((-275)/(-7) - 1) is divided by 11?
5
Let t(z) = 1 + z**3 - 5*z + 0*z**3 - 4*z - 8*z**2. Calculate the remainder when t(10) is divided by 28.
27
Suppose 0 = 2*k + 5*p - 35, 2*k + k + p - 33 = 0. What is the remainder when 16 is divided by k?
6
Let b = 54 + -8. Let i(s) = s + 1. Let r be i(-3). Calculate the remainder when b is divided by r/8 - (-715)/44.
14
Let d be 76/12 - (-2)/(-6). Suppose h = d*h - 4*v, -4*v + 20 = 0. Suppose 5*k - 117 = 4*u, h*k - 3*u = -0*k + 93. What is the remainder when k is divided by 11?
10
Let k = -11 - -112. What is the remainder when k is divided by 26?
23
Suppose -210 = -b - 4*b. What is the remainder when b is divided by 5?
2
Let b(i) = i + 11. What is the remainder when 31 is divided by b(6)?
14
What is the remainder when 4 - (-3 - -2) - -2 is divided by 3?
1
Calculate the remainder when (-4)/1*1 - -15 is divided by 5.
1
Let a(f) = 3*f**2 + 6*f - 4. Calculate the remainder when a(-5) is divided by 11.
8
Let l = -3 + 4. Calculate the remainder when 11 is divided by (-22)/(-7) - l/7.
2
What is the remainder when 33 is divided by (-3 + 4 + 0)*5*2?
3
Let u = -29 + 44. Let p(c) = -3*c**3 + c**2 + 10*c - 2. Calculate the remainder when p(-3) is divided by u.
13
Suppose 3 = b - 2. Calculate the remainder when 14 is divided by b.
4
Suppose 0 = 2*d - 0*d. Let w(b) = -2*b**2 + 0*b**3 + 8 + 3*b**2 + 1 + b**3. Calculate the remainder when 26 is divided by w(d).
8
Let w(b) be the third derivative of 0 - 3*b**2 + 14/3*b**3 + 1/120*b**6 + 0*b + 0*b**5 - 1/24*b**4. Calculate the remainder when w(0) is divided by 10.
8
Suppose 0 = h, 4*f = f - h. Suppose -2*p + p + 35 = f. What is the remainder when p is divided by 18?
17
Let m be (-2 - -2) + (1 - 16). Let f be ((-4)/(-10))/((-3)/m). Let u(g) = 2*g**3 - 2*g + 2. Calculate the remainder when 26 is divided by u(f).
12
Suppose 3*k = -23 + 8. Suppose -3*j - 4*a + 35 = 0, 7*j - 3*j + 3*a = 49. What is the remainder when j is divided by k/(-2)*(1 + 1)?
3
Let h = -31 - -28. Calculate the remainder when (-36)/14*(-24 - h) is divided by 11.
10
Let l(d) = -d**3 - 8*d**2 - d + 3. What is the remainder when 20 is divided by l(-8)?
9
Suppose 0 = -5*g + 3*a - 5, -3*g + 5*a + 8 = 27. Calculate the remainder when g is divided by (-2 + 4)*2/4.
0
Let s = -5 + 10. Suppose o - 5*o = -s*l + 50, 4*o = 0. Calculate the remainder when 17 is divided by l.
7
Let l = 0 + 1. Suppose -4*u - 15 = l. Let w(z) = z**3 + 4*z**2 - 4*z + 3. Calculate the remainder when 36 is divided by w(u).
17
Let z be (-1130)/30 + 2/3. Let h = 54 + z. Calculate the remainder when h is divided by 6.
5
Calculate the remainder when 163 is divided by 1/1 - 486/(-9).
53
Suppose -7*q - 24 = -15*q. Calculate the remainder when q is divided by 3.
0
Suppose 6*f = 84 + 18. Calculate the remainder when f is divided by 9.
8
Calculate the remainder when (-6)/(-18)*(-171)/(-1) is divided by 15.
12
Let h = 101 + -36. Calculate the remainder when h is divided by 33.
32
Let m be -6 - -49 - (2 + -4). Suppose 2*o - 2*z + 7*z + 31 = 0, 4*o + 97 = -3*z. Let w = o + m. Calculate the remainder when w is divided by 10.
7
Suppose -2*y - 4*p - 12 = 0, y = -y + 4*p + 20. What is the remainder when -4 + y - 28/(-2) is divided by 7?
5
Suppose 3*i - 16 - 23 = 0. Suppose 0 = -5*o + 10, -2*n = 2*n + 2*o - 24. What is the remainder when i is divided by n?
3
Let y(l) = 41*l**2 + l - 7. Let i be y(-4). Suppose -p - 4*p = -i. What is the remainder when p is divided by 33?
30
Let s(c) = -2*c + 0 - 4 + 6*c + 2*c. Let o(v) = 26*v**2 + 1. What is the remainder when o(1) is divided by s(3)?
13
Let q be 2 - ((-4 - -2) + 14). Calculate the remainder when 46 is divided by (24/q)/(3/(-20)).
14
Suppose 0 = 2*l + 3*f - 5, -4*l + 1 = -2*f + 15. Suppose j + 3*o + 5 = 0, j + 2*o = 3*o + 7. What is the remainder when (-1 + -1)/(l/11) is divided by j?
3
Let z = -9 + 19. Suppose -4*j - 2*a - 16 = -7*j, 14 = 3*j - a. Suppose -51 = -j*s + 17. What is the remainder when s is divided by z?
7
Let w = -96 + 189. Calculate the remainder when w is divided by 16.
13
Let b be -2*(-4)/2 - 0. Suppose n - 17 = -2*q + 4*n, -b*q - 2*n = -58. What is the remainder when q is divided by 7?
6
Suppose -2*k + 5 = -1. Suppose g + 3 - 17 = -5*o, 11 = 3*o - 2*g. Calculate the remainder when k is divided by o.
0
What is the remainder when ((-4)/(-18)*3)/((-4)/(-282)) is divided by 16?
15
Suppose -4*n + 12 + 30 = 3*z, n = -2*z + 33. Calculate the remainder when 3/(6/(-34))*-3 is divided by z.
15
Suppose 33 = -3*j + w + 156, -j = 4*w - 41. What is the remainder when j is divided by 22?
19
Suppose 3 = -0*i + i. Calculate the remainder when 17 is divided by i.
2
Suppose x - 4*u = 7, -4 - 53 = -3*x + 3*u. What is the remainder when x is divided by 5?
3
Suppose 0 = -2*z - 3*k + 24, 5*k - 78 = -4*z - 28. Calculate the remainder when 59 is divided by z.
14
Let y = 105 + -19. Calculate the remainder when y is divided by 29.
28
Let b = 20 - 13. Let n = 13 + -11. What is the remainder when b is divided by n?
1
Suppose -2*r - 108 = 4*q - 0*q, -3*q - 78 = 3*r. Let o = q + 39. Calculate the remainder when 30 is divided by o.
8
Suppose 0 = -19*s + 9*s + 1090. What is the remainder when s is divided by 22?
21
Let a = 621 + -419. What is the remainder when 32 is divided by a/18 + 4/(-18)?
10
Let z(f) = f**3 + 8*f**2 + 12*f + 7. Calculate the remainder when 96 is divided by z(-6).
5
Calculate the remainder when (56/6)/((-6)/(-18)) is divided by (10/(-6))/((-2)/12).
8
Let l be (-1)/(21/(-10) + 2). Let u = l + 1. Let q = 1 + u. Calculate the remainder when q is divided by 7.
5
Suppose -3*a - 2*a = -40. 